nvert 1504305 (base 10) to base 4.
11233100301
Convert -b8b899 (base 12) to base 14.
-5614c5
Convert -11b5a47 (base 14) to base 9.
-17003534
Convert -120132320233 (base 4) to base 2.
-11000011110111000101111
5514135 (base 7) to base 16
a5120
What is -767640 (base 9) in base 7?
-3616152
What is 466b20 (base 13) in base 14?
317285
What is -12110201112011 (base 3) in base 16?
-2c5df2
What is 15586 (base 11) in base 13?
a01c
Convert 12363605 (base 9) to base 7.
102360224
Convert -420347 (base 8) to base 16.
-220e7
33131130 (base 4) to base 5
4011244
Convert -644504 (base 7) to base 11.
-7721a
-4364654 (base 8) to base 3
-2012122022222
21310 (base 8) to base 16
22c8
Convert 100141301 (base 5) to base 9.
663741
2877083 (base 9) to base 4
12003103023
-26c54 (base 14) to base 11
-65a10
Convert -4407b (base 13) to base 8.
-360376
What is d596 (base 14) in base 15?
ad74
Convert -cd7b6b (base 14) to base 15.
-92b8da
Convert -16055138 (base 9) to base 13.
-187508c
Convert 82737 (base 9) to base 8.
152423
Convert -3162261 (base 9) to base 7.
-20254660
What is 380a76 (base 14) in base 2?
111010101011100110000
What is -3406031 (base 8) in base 4?
-3200300121
What is -41813686 (base 9) in base 12?
-68b5bb9
Convert -1105167 (base 10) to base 6.
-35404303
-985814 (base 12) to base 4
-21031221100
Convert 4033310 (base 6) to base 10.
191274
What is 110634 (base 8) in base 11?
26008
Convert -105185 (base 14) to base 15.
-ad7a7
-114cd (base 14) to base 11
-29716
-1151b (base 12) to base 4
-11222213
What is -29a021b (base 12) in base 3?
-120211201212112
Convert -84bb9 (base 15) to base 10.
-421149
Convert 1456341 (base 8) to base 2.
1100101110011100001
Convert -424012414 (base 5) to base 2.
-110110011000111011010
Convert 1121000202021 (base 3) to base 6.
30052524
3444031 (base 6) to base 16
2b3f3
What is 46987 (base 11) in base 13?
24aa4
What is 1115360 (base 10) in base 11?
6a1a94
What is -102210403 (base 5) in base 16?
-68b35
Convert -1002003330 (base 4) to base 9.
-452153
45ba8 (base 12) to base 3
11201222102
-51810 (base 9) to base 16
-858f
Convert -6225032 (base 7) to base 5.
-142333143
740127 (base 10) to base 15
e946c
254955 (base 10) to base 11
164608
513840 (base 13) to base 14
373c3b
Convert f6a5 (base 16) to base 8.
173245
1315f5 (base 16) to base 11
784826
-20043011 (base 6) to base 13
-16a653
What is -1a963 (base 14) in base 10?
-67707
Convert 11122234 (base 5) to base 7.
560003
Convert 2645406 (base 8) to base 6.
23510222
13055740 (base 9) to base 4
120132000021
-422240 (base 12) to base 9
-1855373
Convert -510210 (base 8) to base 7.
-1300002
Convert 32510 (base 15) to base 14.
4231b
What is -949841 (base 13) in base 9?
-6478558
Convert -120243355 (base 6) to base 13.
-6121a3
Convert 112056350 (base 7) to base 11.
3950451
1010622 (base 7) to base 10
120360
Convert -11201201232 (base 4) to base 3.
-2201120100100
-451576 (base 10) to base 16
-6e3f8
Convert -2959d6 (base 15) to base 6.
-110421020
Convert -2979a (base 14) to base 8.
-311174
-1ea07 (base 15) to base 16
-18724
What is 1a951 (base 15) in base 13?
30490
40560215 (base 9) to base 14
282a39d
Convert 1101101000000100 (base 2) to base 14.
164a8
54a393 (base 14) to base 3
12101212012011
-100010110010100110010110 (base 2) to base 3
-122011100111100
Convert -29a247 (base 11) to base 9.
-782225
Convert e6ab5 (base 15) to base 9.
1334278
Convert -25727 (base 11) to base 16.
-8fcd
Convert -44512 (base 6) to base 16.
-185c
-1b65a4 (base 13) to base 2
-10101010110011101001
What is -332301003 (base 4) in base 3?
-111001122220
What is 627759 (base 10) in base 14?
124abd
What is 3344042 (base 5) in base 11?
40594
-1214300230 (base 5) to base 15
-3be9b0
Convert -4103021 (base 6) to base 15.
-3cbe1
Convert 812d (base 14) to base 16.
56ad
What is 238214a (base 11) in base 13?
b222c7
3264065 (base 8) to base 12
364585
Convert -5e52c (base 15) to base 7.
-2364063
What is 2637165 (base 8) in base 10?
736885
What is 587084 (base 12) in base 5?
331002434
What is 626166 (base 7) in base 16?
1a517
What is 112b210 (base 13) in base 2?
10100001000111111111110
What is d2c7 (base 16) in base 15?
10ec4
What is 213664 (base 8) in base 10?
71604
1182287 (base 9) to base 10
644677
Convert 4455254 (base 8) to base 14.
234508
1333085 (base 10) to base 9
2451575
12cac (base 16) to base 12
38664
Convert 10001000000011000010110 (base 2) to base 9.
8344210
Convert 44443030 (base 5) to base 11.
247340
Convert 22400342 (base 5) to base 8.
606641
Convert -2881641 (base 9) to base 14.
-2d5130
Convert -13541377 (base 8) to base 9.
-5680723
What is 323c7a (base 15) in base 16?
2480fb
12122343323 (base 5) to base 13
2c5496c
-1751a4 (base 12) to base 8
-1422714
-6a16b (base 13) to base 9
-324504
-289843 (base 13) to base 2
-11110010001111111110
5668a (base 12) to base 13
40477
Convert 4396a (base 12) to base 8.
256642
31538880 (base 9) to base 14
203a04c
Convert 33111024 (base 5) to base 12.
119017
2435 (base 12) to base 3
12120212
Convert 193aa18 (base 11) to base 8.
14405172
Convert -135319 (base 10) to base 13.
-49792
Convert -3003431 (base 7) to base 6.
-11331442
Convert 52210213 (base 6) to base 14.
2b4397
Convert -2230465 (base 7) to base 5.
-32320413
Convert -1010101111111101 (base 2) to base 14.
-1208d
Convert -16a5191 (base 11) to base 9.
-5385822
Convert 10751c (base 16) to base 7.
12111323
What is 58352 (base 13) in base 16?
274bb
What is 1078 (base 16) in base 15?
13b1
-661465 (base 10) to base 15
-d0eca
What is -24730a (base 11) in base 12?
-169a98
What is 135311 (base 12) in base 9?
537114
Convert 5337 (base 15) to base 13.
8020
What is -111101111000111101110 (base 2) in base 12?
-819752
What is ab2490 (base 14) in base 15?
79a9c9
Convert -220414402 (base 5) to base 3.
-1210022211122
Convert 1123132030 (base 4) to base 15.
7602d
-45c3ac (base 13) to base 5
-410424430
What is 864474 (base 11) in base 7?
14514400
What is -1330223211 (base 4) in base 5?
-112320233
Convert -5356b4 (base 13) to base 15.
-2890b4
Convert -3103402 (base 5) to base 9.
-76215
What is 440544 (base 6) in base 11?
25469
Convert -17ba7 (base 16) to base 6.
-2025543
-10043340 (base 5) to base 7
-455300
-156817 (base 9) to base 11
-66884
What is -34532350 (base 6) in base 16?
-1052ca
What is 583a03 (base 14) in base 12?
100bb57
What is -1410185 (base 9) in base 5?
-144234411
21a1a9 (base 11) to base 3
122210111211
What is b5935 (base 12) in base 10?
238073
101001110010110111001 (base 2) to base 7
14432540
What is -1daac1 (base 15) in base 12?
-5a1301
What is -10430441 (base 6) in base 9?
-530207
Convert -435053035 (base 6) to base 13.
-1800923
What is -101100000000001000111 (base 2) in base 10?
-1441863
What is -10101220222 (base 4) in base 14?
-21265c
Convert 1221341201 (base 5) to base 16.
2c879d
What is 38cc7c (base 15) in base 6?
134234230
-10100000111011100 (base 2) to base 12
-3b824
Convert -57366 (base 11) to base 15.
-198a7
Convert 1923472 (base 10) to base 16.
1d5990
Convert -3504243 (base 6) to base 8.
-537143
Convert -1847a (base 12) to base 14.
-cba6
231102224 (base 5) to base 16
fc9c1
2949000 (base 10) to base 6
143112440
5bdda8 (base 15) to base 12
1582858
Convert 2123313103 (base 4) to base 11.
3a6721
Convert 7772343 (base 8) to base 11.
1200536
What is 21d81 (base 16) in base 10?
138625
What is 816314 (base 9) in base 14?
c8339
What is 11042213 (base 5) in base 16?
1792e
Convert 11022101044 (base 5) to base 12.
3ba4104
What is -272137 (base 14) in base 9?
-2477225
Convert -13763044 (base 8) to base 9.
-5814037
What is 111010010001100011010 (base 2) in base 4?
13102030122
1023101 (base 7) to base 13
442c4
-339025 (base 16) to base 13
-914164
Convert 1062160 (base 8) to base 7.
2306142
1221002020 (base 3) to base 6
451440
What is -21214041 (base 5) in base 12?
-878b3
-224134500 (base 6) to base 3
-21202020102200
Convert -12b26 (base 15) to base 6.
-1141130
Convert 198b830 (base 14) to base 4.
300132303102
What is 21211201011 (base 3) in base 8?
455340
Convert 1005053 (base 9) to base 4.
2002221132
Convert 22301030322 (base 4) to base 8.
12611472
What is -204373 (base 8) in base 13?
-24b51
What is 785403 (base 9) in base 7?
3664455
-9026895 (base 10) to base 12
-3033a93
What is 13252368 (base 10) in base 7?
220433433
Convert 9987cc (base 15